?
2
Let c(x) = -x**2 + 20*x + 3. Let d = 25 - 14. What is the tens digit of c(d)?
0
Suppose 57*w = 53*w + 2084. What is the hundreds digit of w?
5
Suppose 4*r + 5*m = 3*m + 482, 2*r - 4*m - 236 = 0. Let o = r + -50. What is the tens digit of o?
7
Let u be (-3 - 43)*(-2 + (-9)/(-6)). Suppose 22*t - u*t + 204 = 0. What is the tens digit of t?
0
Let j = 4 - 2. Let k(b) = -5 + 3*b**2 + 3*b**j + b - 2*b**2. What is the units digit of k(3)?
4
Let u(d) = 9*d + d**2 + 10 + d**2 - 5. What is the tens digit of u(-7)?
4
Let h(t) = -2*t - 9. Let w(k) = -k - 5. Let p(n) = -6*h(n) + 11*w(n). Let l(a) = 12. Let x(r) = -l(r) - 3*p(r). What is the units digit of x(-9)?
8
Suppose 0 = -3*k + 2415 + 2460. What is the thousands digit of k?
1
Let d(g) = -2*g**2 + 106*g + 108. What is the units digit of d(44)?
0
Suppose -5*y + 23 = -62. Let j = 22 - y. Suppose k - 235 = -5*q - 4*k, -j*q + 4*k + 253 = 0. What is the tens digit of q?
4
Let z be 202/8*(16 + -12). What is the units digit of z + (-4 - -4) + 4?
5
Suppose 4*s - 11 = -3*b, 3*b - 2 - 1 = 0. What is the hundreds digit of 115 + ((-2)/4)/(1/s)?
1
Suppose 28*k - 33*k + 1575 = -5*s, 5*k = 3*s + 1583. What is the hundreds digit of k?
3
Let m be ((-6 - -3) + 14/6)*-3. Suppose -3*w - 6 = 0, 2*w - m = -2*i + 84. What is the tens digit of i?
4
Let j(v) = -6*v**3 - 8*v**2 - 9*v + 2. What is the hundreds digit of j(-4)?
2
Suppose 5*g + 8*t = 3*t + 10515, 2*g - 4212 = -5*t. What is the tens digit of g?
0
Suppose -t = -3*b + t - 4, -5*b = -2*t + 4. Suppose -h + 93 = -4*w, -4*w + 279 = 3*h - b*w. What is the units digit of h?
3
Let m = -717 - -1442. What is the tens digit of m?
2
Suppose 3*v - 5*v = 726. Let k = -255 - v. What is the hundreds digit of k?
1
Let f(a) = 113*a**2 - a. Let d be f(1). Suppose -w = -2*w + d. What is the units digit of w?
2
Let h = 10 + -5. Suppose 1 = -a + h. What is the units digit of a + 3*6/9?
6
Let v = -10 + 12. Suppose -v*j + 5*b = j - 122, -j + 22 = 3*b. What is the tens digit of j?
3
Let y be ((-21)/(-6) - 4)/((-1)/226). Let l = y - 26. What is the tens digit of l?
8
Let l(c) = c**3 - 8*c**2 + 1. Suppose -12 = -4*h - 0*h. Let w be h*(-2 - -3) + 5. What is the units digit of l(w)?
1
Let f(b) = -b**2 + 26*b - 77. Let y be f(22). Let s(v) = v**3 + 4*v**2 - v + 1. Let t be s(-4). What is the units digit of (t - y)*(-10)/6?
0
Suppose -24 = -6*y - 2*y. Suppose -4*w + 0*x = y*x - 329, -x - 416 = -5*w. What is the tens digit of w?
8
Suppose 1987 = 2*i - 3*t, 0 = 3*i - t - 463 - 2507. What is the units digit of i?
9
Let s be 21 - 4/6*6. Suppose s*c + 175 = 22*c. What is the units digit of c?
5
Let d(r) be the third derivative of -r**5/60 + r**4/3 + 5*r**3/6 + 5*r**2. Let v be d(8). Suppose -30 = -5*w - v. What is the units digit of w?
5
Let k = 3 + 1. What is the units digit of -2 + 4/(k*3/12)?
2
Let g = -428 - -750. What is the hundreds digit of g?
3
Let u be 120/25 - 2/(-10). Suppose l - u*g + 15 = 0, 0 = 2*l + g - 3*g + 14. What is the units digit of (-1)/((4/l)/4)?
5
Let g = 102 + -54. Suppose -f = -7*f + g. What is the units digit of f?
8
Suppose 2*u + 2*u + 117 = 3*t, 3*u = 2*t - 77. Let p be (-16)/40 + t/(-5). What is the units digit of 13/(3/p*-3)?
3
What is the thousands digit of 4729*((-14)/(-21) + (-4)/(-12))?
4
Suppose 0 = -q - 4, -4*q + 12 = 4*h - 3*q. Suppose -2*p + 2*z = -2*z - 28, -71 = -h*p + 3*z. What is the tens digit of p?
2
Let i(b) = -7*b - 2. Let j be i(-1). Let h be (-9)/6*10/(-3). Suppose -h*l + 235 = j*q, -3*q - 2*l + 235 = 2*q. What is the units digit of q?
7
Suppose 12*h = 11*h. Suppose -5*v + 4*d = -14, h = -2*v + 5*v - 4*d - 2. Suppose 0 = -4*i - 4*k + 116, -i - 4*k - 190 = -v*i. What is the units digit of i?
4
Let y(n) = 12*n**2 + 2*n + 15. What is the hundreds digit of y(-3)?
1
Let b(i) = i - 21. Let v(c) = c - 20. Let m(s) = 5*b(s) - 6*v(s). Suppose -5*r - 12 = -2*r, -3*d + 55 = -4*r. What is the units digit of m(d)?
2
Let l = 112 - -614. Suppose -y - i = -148, 2*i = 2*y + 3*y - l. What is the units digit of y?
6
Suppose w + 2217 = v, 8853 = 4*v - 7*w + 6*w. What is the tens digit of v?
1
Let g be -3 + (-30)/(-9)*54/(-15). What is the hundreds digit of (138 - g) + -2 + -1?
1
Let o be -266 + 5 + 1 + -6. What is the tens digit of 2*2/14 - 37696/o?
4
Let l(z) = -13*z**3 - 8*z**2 - 16*z - 35. What is the units digit of l(-5)?
0
Suppose 5*p + 22 = -48. Let y = p - -16. What is the tens digit of (2 - (y - 0)) + 11?
1
What is the hundreds digit of (-77)/308 + (-5273)/(-4)?
3
Suppose 1 = -g - 1. Let j be 10 + -10 - 32/g. Suppose -q = -3*q + j. What is the units digit of q?
8
Suppose 0 = -2*z + 4*m + 276, 4*m = 8*z - 5*z - 412. What is the tens digit of z?
3
Suppose 2 = f - 1. Suppose -5*p - 2 = f. What is the tens digit of (-21 - 0/p)*-1?
2
Suppose -2*k + 4*k - p - 73 = 0, -2*k + 61 = 3*p. Let l = k + 15. What is the units digit of l?
0
Let p(s) = 126*s**2 - 148*s - 5. What is the hundreds digit of p(7)?
1
Let p(v) = -22*v - 4. Let q(o) = -o + 7. Let t be q(9). What is the units digit of p(t)?
0
Let y be 2/(-3) + 111/(-9). Suppose 3 = -3*i - 24. Let u = i - y. What is the units digit of u?
4
Let k(s) = -25 + s**3 + 16*s**2 - 28*s + s**2 + 3*s + 5. What is the hundreds digit of k(-18)?
1
Let c be (-60)/12*3/(-3). Suppose 0 = 3*h - c*t - 660, -t = 3*h + t - 660. What is the tens digit of h?
2
Let b = -5 - -48. Suppose -b = -2*v + 15. What is the units digit of v?
9
Suppose -a + 3*m = -8, 3*a - 4*m - 6 = a. Let u = -5 - a. Suppose 0*v + 20 = 2*s - u*v, 0 = s + 2*v + 2. What is the units digit of s?
6
Suppose 0 = 4*a - 5*y + 129, 4*a + 14 = 2*y - 124. Let r = -12 - a. Let z = r + 1. What is the tens digit of z?
2
Let b(l) = -l**3 + l**2 - 7*l + 6. Let j(t) = -t**3 + t**2 - 6*t + 5. Let g(o) = 5*b(o) - 6*j(o). What is the units digit of g(4)?
2
Let c = 543 + -80. What is the hundreds digit of c?
4
Suppose 40*z = 42*z + 22. What is the units digit of (-2)/z + 1875/33?
7
Let o = -998 + 1405. What is the hundreds digit of o?
4
Suppose 14*k - 4167 = 5*k. Suppose k - 1454 = -4*g - a, 3*a + 485 = 2*g. What is the units digit of g?
7
Let o(j) = -66*j + 385. What is the units digit of o(-21)?
1
Suppose 3*n - 4*s + 290 = 1382, -2*n - 4*s + 728 = 0. What is the units digit of n?
4
Suppose -3*b - 3 = -2*d - 5, -d + 4*b = 1. What is the units digit of ((-1244)/(-16) - d/4) + 4?
2
Let z(a) = 5*a - 2. Let h(r) = -4*r - 14. Let y be h(-7). Suppose 4*g = 5*l - y, -2*g - 13 = -4*l + 3*g. What is the units digit of z(l)?
8
Suppose 9*r + 4 = 5*r. Let j be 3/(-6*r/4). Suppose n = j, 0 = -10*z + 5*z + 2*n + 36. What is the units digit of z?
8
Let k be 57/(-38)*(-71 - 1). Let t = k + -61. What is the tens digit of t?
4
Let c = -6 - -9. Let u(t) be the first derivative of 2*t**3/3 + 5*t**2/2 - 4*t + 23. What is the units digit of u(c)?
9
Suppose z - 2*z = -10. Suppose -q + 1078 = z*q. What is the tens digit of q?
9
Suppose 4*v = 3*z, 0 = -2*v + 6*v - z. Suppose v = 5*w + 4*d - 717, 3*w + 5*d - 135 = 2*w. What is the tens digit of w?
4
Suppose s + a - 532 = 0, 0 = -4*s + 2*a + 2382 - 278. What is the hundreds digit of s?
5
Suppose -y - 18 = -4*y. Let j be (2 - 7)/((-3)/y). What is the tens digit of (-816)/(-15) - j/25?
5
Let d(v) = v**2 + v + 26. Let h be d(0). Let w = -7 + 13. Let i = h - w. What is the units digit of i?
0
Let u(k) = -325 - 67*k + 325. What is the tens digit of u(-1)?
6
Suppose 0 = 7*j - 11*j + 8. Suppose -j*a - 7 + 59 = 0. What is the tens digit of a?
2
Let c be (-4)/8 - (-1)/2. Suppose c = 4*s - 204 - 0. What is the tens digit of s?
5
Let v = 268 + -274. Let d be (94/(-3))/((-2)/(-6)). What is the units digit of d/(-6) + v/9?
5
Suppose c - d = 6, d + 0 = 2*c - 10. Let l be (c/(-6))/(4/(-90)). What is the units digit of (-1)/(((-6)/l)/2)?
5
Let l = 1 + -32. Let i = -192 + 174. Let a = i - l. What is the units digit of a?
3
Let q = 1060 + -381. What is the units digit of q?
9
Suppose 9069 = -13*g + 30649. What is the units digit of g?
0
Let g(j) = -2*j**2 + 5*j - 5. Let t be g(3). Let i = t + 12. Suppose i*u = 3*u + 25. What is the units digit of u?
5
Let j(p) = p**3 + 25*p**2 + 14*p + 28. What is the tens digit of j(-19)?
2
Let w(j) = -12*j + 3*j**3 - 2*j**2 + 2 - 5*j**3 - 2*j**3 + 2*j**3. What is the tens digit of w(-4)?
4
Suppose 5*o - 14*d - 7582 = -17*d, -1513 = -o - 4*d. Wh